{"id":1385,"date":"2014-03-05T12:15:59","date_gmt":"2014-03-05T11:15:59","guid":{"rendered":"http:\/\/www.secret-air.net\/wordpress\/?page_id=1385"},"modified":"2021-01-13T16:21:51","modified_gmt":"2021-01-13T15:21:51","slug":"prestations","status":"publish","type":"page","link":"http:\/\/www.secret-air.net\/wordpress\/?page_id=1385","title":{"rendered":"Prestations"},"content":{"rendered":"<div class=\"art-content-layout\">\n<div class=\"art-content-layout-row\">\n<div class=\"art-layout-cell layout-item-0\" style=\"width: 100%;\">\n<h3 class=\"font_8\" style=\"text-align: center;\"><span class=\"color_24\">Assistance administrative et commerciale, de gestion, organisationnelle et r\u00e9dactionnelle\u2026interm\u00e9diaire avec votre expert comptable<\/span><\/h3>\n<ul class=\"font_8\">\n<li>\n<p class=\"font_8\">\u00c9tablissement de\u00a0devis, factures, avoirs,<\/p>\n<\/li>\n<li>\n<p class=\"font_8\">Suivi des\u00a0r\u00e8glements\u00a0clients, relance\u00a0des impay\u00e9s,\u00a0mise en demeure,<\/p>\n<\/li>\n<li>\n<p class=\"font_8\">Pr\u00e9paration des r\u00e8glements fournisseurs,<\/p>\n<\/li>\n<li>\n<p class=\"font_8\">Suivi de la\u00a0tr\u00e9sorerie<\/p>\n<\/li>\n<li>\n<p class=\"font_8\">R\u00e9daction de documents\u00a0et\u00a0mise en page,<\/p>\n<\/li>\n<li>\n<p class=\"font_8\">R\u00e9daction de\u00a0compte-rendu,<\/p>\n<\/li>\n<li>\n<p class=\"font_8\">Retranscription audio<\/p>\n<\/li>\n<li>\n<p class=\"font_8\">Cr\u00e9ation de\u00a0tableaux, graphiques, organigrammes,<\/p>\n<\/li>\n<li>\n<p class=\"font_8\">R\u00e9alisation de\u00a0pr\u00e9sentation Powerpoint,<\/p>\n<\/li>\n<li>\n<p class=\"font_8\">Suivi des absences de votre personnel, (cong\u00e9s, maladie\u2026)<\/p>\n<\/li>\n<li>\n<p class=\"font_8\">Ouverture du\u00a0courrier, r\u00e9ponse aux demandes,\u00a0classement\u00a0des documents,<\/p>\n<\/li>\n<li>\n<p class=\"font_8\">Secr\u00e9tariat t\u00e9l\u00e9phonique\u00a0et\u00a0suivi d\u2019agenda,<\/p>\n<\/li>\n<li>\n<p class=\"font_8\">\u00c9tude de march\u00e9\u00a0sur vos achats (fournitures) et prestataires de services,<\/p>\n<\/li>\n<li>\n<p class=\"font_8\">Publipostage\/mailing, (mise sous pli)<\/p>\n<\/li>\n<li>\n<p class=\"font_8\">num\u00e9risation\u00a0de documents et\u00a0archivage,<\/p>\n<\/li>\n<li>\n<p class=\"font_8\">Aide \u00e0 la prise en main de diff\u00e9rents logiciels (Word, Excel, Powerpoint, Photoshop\u2026),<\/p>\n<\/li>\n<li>\n<p class=\"font_8\">Organisation \u00e9v\u00e9nements (r\u00e9unions, s\u00e9minaires, d\u00e9placements, \u2026)<\/p>\n<\/li>\n<\/ul>\n<\/div>\n<\/div>\n<\/div>\n","protected":false},"excerpt":{"rendered":"<p class=\"qua-blog-post-description\">Assistance administrative et commerciale, de gestion, organisationnelle et r\u00e9dactionnelle\u2026interm\u00e9diaire avec votre expert comptable \u00c9tablissement de\u00a0devis, factures, avoirs, Suivi des\u00a0r\u00e8glements\u00a0clients, relance\u00a0des impay\u00e9s,\u00a0mise en demeure, Pr\u00e9paration des r\u00e8glements fournisseurs, Suivi de la\u00a0tr\u00e9sorerie R\u00e9daction de documents\u00a0et\u00a0mise en page, R\u00e9daction de\u00a0compte-rendu, Retranscription audio Cr\u00e9ation de\u00a0tableaux, graphiques, organigrammes, R\u00e9alisation de\u00a0pr\u00e9sentation Powerpoint, Suivi des absences de votre personnel, (cong\u00e9s, maladie\u2026) Ouverture<\/p>\n<p class=\"qua-blog-post-description\"><a href=\"http:\/\/www.secret-air.net\/wordpress\/?page_id=1385#more-1385\" class=\"more-link\">Lire la suite<\/a><\/p>\n","protected":false},"author":1,"featured_media":0,"parent":0,"menu_order":7,"comment_status":"closed","ping_status":"open","template":"","meta":[],"_links":{"self":[{"href":"http:\/\/www.secret-air.net\/wordpress\/index.php?rest_route=\/wp\/v2\/pages\/1385"}],"collection":[{"href":"http:\/\/www.secret-air.net\/wordpress\/index.php?rest_route=\/wp\/v2\/pages"}],"about":[{"href":"http:\/\/www.secret-air.net\/wordpress\/index.php?rest_route=\/wp\/v2\/types\/page"}],"author":[{"embeddable":true,"href":"http:\/\/www.secret-air.net\/wordpress\/index.php?rest_route=\/wp\/v2\/users\/1"}],"replies":[{"embeddable":true,"href":"http:\/\/www.secret-air.net\/wordpress\/index.php?rest_route=%2Fwp%2Fv2%2Fcomments&post=1385"}],"version-history":[{"count":2,"href":"http:\/\/www.secret-air.net\/wordpress\/index.php?rest_route=\/wp\/v2\/pages\/1385\/revisions"}],"predecessor-version":[{"id":1469,"href":"http:\/\/www.secret-air.net\/wordpress\/index.php?rest_route=\/wp\/v2\/pages\/1385\/revisions\/1469"}],"wp:attachment":[{"href":"http:\/\/www.secret-air.net\/wordpress\/index.php?rest_route=%2Fwp%2Fv2%2Fmedia&parent=1385"}],"curies":[{"name":"wp","href":"https:\/\/api.w.org\/{rel}","templated":true}]}}