{"id":1379,"date":"2014-03-05T12:15:55","date_gmt":"2014-03-05T11:15:55","guid":{"rendered":"http:\/\/www.secret-air.net\/wordpress\/?page_id=1379"},"modified":"2014-03-05T12:15:55","modified_gmt":"2014-03-05T11:15:55","slug":"avantages","status":"publish","type":"page","link":"http:\/\/www.secret-air.net\/wordpress\/?page_id=1379","title":{"rendered":"Avantages"},"content":{"rendered":"<div class=\"art-content-layout\">\n<div class=\"art-content-layout-row\">\n<div class=\"art-layout-cell layout-item-0\" style=\"width: 100%\" >\n<p data-mce-style=\"text-align: center;\" style=\"color: rgb(51, 51, 51); font-family: Georgia, 'Times New Roman', 'Bitstream Charter', Times, serif; line-height: 19px; text-align: center;\"><span style=\"font-size: 20px; font-weight: bold;\">SIMPLICIT\u00c9 &amp; FLEXIBILIT\u00c9<\/span><\/p>\n<p data-mce-style=\"text-align: center;\" style=\"font-family: Georgia, 'Times New Roman', 'Bitstream Charter', Times, serif; line-height: 19px; text-align: center;\"><span style=\"font-size: 20px; font-weight: bold;\">ECONOMIE &#8211; PROFESSIONNALISME &#8211; CONFIDENTIALIT\u00c9<\/span><\/p>\n<p data-mce-style=\"text-align: center;\" style=\"font-family: Georgia, 'Times New Roman', 'Bitstream Charter', Times, serif; line-height: 19px; text-align: left;\"><span style=\"font-weight: bold;\"><span style=\"font-size: 16px; font-style: italic; text-decoration: underline; color: #380800;\">Aucun engagement de dur\u00e9e<\/span><br \/><span style=\"font-size: 14px;\">Vous ne payez que le travail effectu\u00e9, \u00e0 l\u2019heure, la demi-journ\u00e9e\u2026<\/span><\/span><\/p>\n<p data-mce-style=\"text-align: center;\" style=\"font-family: Georgia, 'Times New Roman', 'Bitstream Charter', Times, serif; line-height: 19px;\"><span style=\"font-weight: bold;\"><br \/><span style=\"font-size: 16px; font-style: italic; text-decoration: underline; color: #380700;\">Formalit\u00e9s r\u00e9duites au minimum<\/span><br \/><span style=\"font-size: 14px;\">Un simple devis sign\u00e9 pour accord suffit.<\/span><\/span><\/p>\n<p data-mce-style=\"text-align: center;\" style=\"font-family: Georgia, 'Times New Roman', 'Bitstream Charter', Times, serif; line-height: 19px; text-align: left;\"><span style=\"font-weight: bold;\"><br \/><span style=\"font-size: 16px; font-style: italic; text-decoration: underline; color: #380700;\">Pas de charges sociales<\/span><br \/><span style=\"font-size: 14px;\">Contrairement \u00e0 une embauche traditionnelle.<\/span><\/span><\/p>\n<p data-mce-style=\"text-align: center;\" style=\"font-family: Georgia, 'Times New Roman', 'Bitstream Charter', Times, serif; line-height: 19px; text-align: left;\"><span style=\"font-weight: bold;\"><br \/><span style=\"font-size: 16px; font-style: italic; text-decoration: underline; color: #380700;\">Pas de frais de recrutement<\/span><br \/><span style=\"font-size: 14px;\">Pas de gestion du personnel, de cong\u00e9s pay\u00e9s, de formations ou d\u2019assurances \u00e0 payer.<\/span><\/span><\/p>\n<p data-mce-style=\"text-align: center;\" style=\"font-family: Georgia, 'Times New Roman', 'Bitstream Charter', Times, serif; line-height: 19px; text-align: left;\"><span style=\"font-weight: bold;\"><br \/><span style=\"font-size: 16px; font-style: italic; text-decoration: underline; color: #380700;\">Pas de bureau, de fournitures<\/span><br \/><span style=\"font-size: 14px;\">(ou d\u2019\u00e9quipements informatiques \u00e0 pr\u00e9voir).<\/span><\/span><\/p>\n<p data-mce-style=\"text-align: center;\" style=\"font-family: Georgia, 'Times New Roman', 'Bitstream Charter', Times, serif; line-height: 19px; text-align: left;\"><span style=\"font-weight: bold;\"><br \/><span style=\"font-size: 16px; font-style: italic; text-decoration: underline; color: #380700;\">Fiscalement<\/span><br \/><span style=\"font-size: 14px;\">Mes factures rentrent dans les frais g\u00e9n\u00e9raux et sont donc des charges d\u00e9ductibles.<\/span><\/span><\/p>\n<p style=\"text-align: center;\"><span style=\"font-size: 20px;\"><span style=\"font-weight: bold;\"><span style=\"font-family: Georgia, 'Times New Roman', 'Bitstream Charter', Times, serif; line-height: 19px;\">Disponibilit\u00e9 et flexibilit\u00e9 des horaires.<\/span><br style=\"font-family: Georgia, 'Times New Roman', 'Bitstream Charter', Times, serif; line-height: 19px;\"><span style=\"font-family: Georgia, 'Times New Roman', 'Bitstream Charter', Times, serif; line-height: 19px;\">Comp\u00e9tences et savoir-faire multiples.<\/span><br style=\"font-family: Georgia, 'Times New Roman', 'Bitstream Charter', Times, serif; line-height: 19px;\"><span style=\"font-family: Georgia, 'Times New Roman', 'Bitstream Charter', Times, serif; line-height: 19px;\">Discr\u00e9tion et confidentialit\u00e9.<\/span><br style=\"font-family: Georgia, 'Times New Roman', 'Bitstream Charter', Times, serif; line-height: 19px;\"><span style=\"font-family: Georgia, 'Times New Roman', 'Bitstream Charter', Times, serif; line-height: 19px;\">Vous palliez les absences et les surcharges de travail ponctuelles.<\/span><\/span><\/span><\/p>\n<\/p><\/div>\n<\/p><\/div>\n<\/div>\n","protected":false},"excerpt":{"rendered":"<p class=\"qua-blog-post-description\">SIMPLICIT\u00c9 &amp; FLEXIBILIT\u00c9 ECONOMIE &#8211; PROFESSIONNALISME &#8211; CONFIDENTIALIT\u00c9 Aucun engagement de dur\u00e9eVous ne payez que le travail effectu\u00e9, \u00e0 l\u2019heure, la demi-journ\u00e9e\u2026 Formalit\u00e9s r\u00e9duites au minimumUn simple devis sign\u00e9 pour accord suffit. Pas de charges socialesContrairement \u00e0 une embauche traditionnelle. Pas de frais de recrutementPas de gestion du personnel, de cong\u00e9s pay\u00e9s, de formations ou<\/p>\n<p class=\"qua-blog-post-description\"><a href=\"http:\/\/www.secret-air.net\/wordpress\/?page_id=1379#more-1379\" class=\"more-link\">Lire la suite<\/a><\/p>\n","protected":false},"author":1,"featured_media":0,"parent":0,"menu_order":3,"comment_status":"closed","ping_status":"open","template":"","meta":[],"_links":{"self":[{"href":"http:\/\/www.secret-air.net\/wordpress\/index.php?rest_route=\/wp\/v2\/pages\/1379"}],"collection":[{"href":"http:\/\/www.secret-air.net\/wordpress\/index.php?rest_route=\/wp\/v2\/pages"}],"about":[{"href":"http:\/\/www.secret-air.net\/wordpress\/index.php?rest_route=\/wp\/v2\/types\/page"}],"author":[{"embeddable":true,"href":"http:\/\/www.secret-air.net\/wordpress\/index.php?rest_route=\/wp\/v2\/users\/1"}],"replies":[{"embeddable":true,"href":"http:\/\/www.secret-air.net\/wordpress\/index.php?rest_route=%2Fwp%2Fv2%2Fcomments&post=1379"}],"version-history":[{"count":0,"href":"http:\/\/www.secret-air.net\/wordpress\/index.php?rest_route=\/wp\/v2\/pages\/1379\/revisions"}],"wp:attachment":[{"href":"http:\/\/www.secret-air.net\/wordpress\/index.php?rest_route=%2Fwp%2Fv2%2Fmedia&parent=1379"}],"curies":[{"name":"wp","href":"https:\/\/api.w.org\/{rel}","templated":true}]}}